53
Suppose 80555 = 34*z - 17*z - 12*z. List the prime factors of z.
16111
Let w = -24 + 23. Let u be w/(-7) + (-902)/(-154). Suppose -85 = -u*z + 407. What are the prime factors of z?
2, 41
Let t be (0*2/10)/(-2). Suppose t*j = -j - 5*y + 391, 20 = 4*y. List the prime factors of j.
2, 3, 61
Let u = -3550 + 4768. List the prime factors of u.
2, 3, 7, 29
Suppose 5*o + 16*k - 25 = 12*k, -4*o + 20 = -2*k. Suppose 0 = 2*m - 4*f + 8 - 246, 0 = -4*m + 4*f + 456. Suppose d - o = m. List the prime factors of d.
2, 3, 19
Suppose 0 = 35*b - 30*b + 1060. Let j = -110 - b. What are the prime factors of j?
2, 3, 17
Let q(l) = -3*l**2 - 55*l + 17. Suppose o - 6*o - 15 = 0, 4*y + 57 = o. List the prime factors of q(y).
167
Suppose 0 = -2*h, 3*c - 1 + 19 = 5*h. Let u(i) = -41*i + 86. What are the prime factors of u(c)?
2, 83
Let u be (-266035)/275 - 1*6/10. Let q = 17 - u. List the prime factors of q.
5, 197
What are the prime factors of (-2139464)/(-48) - ((-86)/132 + (-14)/77)?
29, 53
Let k(p) = -p**2 - p + 6. Let h = 35 - 38. Let l be k(h). Suppose d - 2*m - 67 = 2*m, l = -4*m - 12. What are the prime factors of d?
5, 11
Let r(t) = -56*t + 28. Suppose -2*h - 31 + 19 = 0. List the prime factors of r(h).
2, 7, 13
Let t = -261 - -281. Let c(s) = -s**3 + 8*s**2 - 5*s + 2. Let d be c(7). Suppose -t*v + d*v + 156 = 0. List the prime factors of v.
3, 13
Suppose -5*v = -x - 11, v = -2*x + 5 + 6. Suppose t + 22 = v*f + 2*t, 0 = -4*f - 3*t + 36. List the prime factors of (-606)/8*(-16)/f.
2, 101
Suppose -8*l + 17905 + 18543 = 0. List the prime factors of l.
2, 17, 67
Let b(f) = 11*f + 93. Let j be b(9). Suppose -i + 1292 = 4*v + j, 4*v - 1084 = 3*i. List the prime factors of v.
2, 137
Let y = 19755 - 11731. What are the prime factors of y?
2, 17, 59
Let c = -172 - -118. Let g = c + 472. Suppose 170 = 12*s - g. What are the prime factors of s?
7
Suppose -4*r = -546 - 70. Let z be (2/(-6))/(4/204)*-19. Let o = z - r. What are the prime factors of o?
13
Suppose 3*q - 12960 = -3*q. Suppose 0 = 3*y - q - 153. What are the prime factors of y?
3, 257
Let b(r) = r**2 + 23*r - 140. Let y be b(-28). Suppose -4*c + 8 = y, 0 = -4*n - 2*c - 1417 + 3461. List the prime factors of n.
2, 3, 5, 17
Let u(x) = 51*x + 60. Let g be 55/15*3/1 + 6. What are the prime factors of u(g)?
3, 103
Let u = -577 - -577. Suppose 0 = -5*l + z + 20, 4*l - 5*z + 0 = 16. Suppose 3*i - l*i + 37 = u. What are the prime factors of i?
37
Suppose 0 = -3*w + 523 - 508. Suppose 3*i - 12*h + 10*h - 4898 = 0, -w*h + 4870 = 3*i. List the prime factors of i.
2, 5, 163
Suppose -3*c - 2*c - p = -4, -3*c + 5*p - 20 = 0. Suppose c = 12*s + 355 - 2911. List the prime factors of s.
3, 71
Let f(k) = -2*k - 2. Let r(a) = 21*a - 10. Let w(c) = -5*f(c) - r(c). Let i = 16 - 22. What are the prime factors of w(i)?
2, 43
Let u(i) = i - 5. Let x be u(0). Let l(j) = 2 - 16*j + 2 + 2 + 12*j. What are the prime factors of l(x)?
2, 13
Let a = -945 - -1435. Let w be (-2)/(1 - (-610)/(-606)). Let c = a - w. List the prime factors of c.
11, 17
Let t(n) = 7 - 10*n - n**3 - 11*n**2 - 3*n + 3 + 2. Let g be t(-10). Let d = 87 - g. What are the prime factors of d?
3, 5
Let n(h) = 97*h**2 - 12*h + 8. Let p be n(4). Suppose -753*g + 752*g = -p. List the prime factors of g.
2, 3, 7
Let g = -99 + 102. Suppose -2*s = -4*s + 6, -g*x - s = -639. What are the prime factors of x?
2, 53
Let q be (-552)/(-10)*(-231 - -241). Suppose 8 = 3*m + 2. Suppose -m*z = 4*z - q. What are the prime factors of z?
2, 23
Let v(o) = o**3 - 6*o**2 - 6*o - 9. Let h be v(7). Let w be 1/(-4) - (h - (-2468)/(-16)). Suppose -2*n = i - w, 0 = -0*i + i. What are the prime factors of n?
2, 3, 13
Suppose 5*j = 4*v + 5, 3*j - 3*v = -2*j + 10. Let o(p) = -p - 8*p - j*p + 0*p - 18. What are the prime factors of o(-6)?
2, 3, 11
Let b = 1826 - -5101. List the prime factors of b.
3, 2309
Let v be (-1)/((-5)/207) + (-6)/(-10). Suppose -2*x + 130 = v. Suppose -8*u + 180 = -x. What are the prime factors of u?
2, 7
Suppose 834*w - 828*w = 59748. List the prime factors of w.
2, 13, 383
Let u = 118 - 105. Suppose -10*a - 39 = -u*a. List the prime factors of a.
13
Let n = 146 - 34. Let f = 188 - n. Suppose 80*z - 472 = f*z. List the prime factors of z.
2, 59
Let p = 339 - 330. List the prime factors of (-3)/p - (-15834)/63.
251
Suppose -4*t + 3*t + 4*i + 169 = 0, 2*t - 368 = -2*i. Let b = 235 - t. List the prime factors of b.
2, 3
Let m(o) = 3*o - 23. Let n be m(-3). What are the prime factors of 2 + n/14 + 6136/14?
2, 3, 73
Let i = 120 + -121. List the prime factors of (i/2)/((-2)/916).
229
Let n = 270 - 391. Let g be (n - 0) + ((-16)/(-4))/(-4). What are the prime factors of 3/4 - (0 - g/(-8))?
2
Suppose -17*s + 15 = -12*s. Suppose -s*d - 2*j = -2, 6 = d + 5*j + 14. Suppose 2*w + 2*p - 182 + 28 = 0, -d*w - 5*p = -160. What are the prime factors of w?
3, 5
What are the prime factors of (-2)/(-3) - 141949/(-57)?
47, 53
Let f(m) = 667*m - 1812. List the prime factors of f(26).
2, 5, 1553
Suppose 0*k + 5*y - 965 = -2*k, -5*k + 3*y + 2459 = 0. Let w = 1073 - k. What are the prime factors of w?
11, 53
Let f(g) = g**2 - 20*g - 44. Let z be f(22). Suppose 15*s - 7710 = -z*s. List the prime factors of s.
2, 257
Suppose 0 = 5*d + 5*x - 11530, d - 279*x - 2318 = -278*x. What are the prime factors of d?
2, 17
Let l be 27/(-9) - 7/1. Let x(z) = -z**3 - 10*z**2 + 3. Let p be x(l). Suppose p*v + 2*v = 220. List the prime factors of v.
2, 11
Suppose -12213 - 9484 = -13*z. What are the prime factors of z?
1669
Suppose 0 = -17*c + 12*c - 120. Let h be c/(-10)*70/28. Suppose -4*y + h*y + 3*t - 187 = 0, 0 = 3*y - 4*t - 289. List the prime factors of y.
5, 19
Let v = -11594 - -33512. List the prime factors of v.
2, 3, 13, 281
Let o(g) = -286*g - 1407. List the prime factors of o(-15).
3, 31
Let x be 695298/36 + (-6)/(-36). Suppose -50*y + x = -3386. List the prime factors of y.
2, 227
What are the prime factors of 4/(19/((-155078)/(-4)))?
2, 7, 11, 53
Suppose 0 = 19*z + 497 - 3. Let r = z + 73. What are the prime factors of r?
47
Suppose d - 3*q = 3*d - 132, 3*q = 0. Let v = 68 - d. Suppose -v*j + 2*z + 88 = -2*z, 15 = -5*z. List the prime factors of j.
2, 19
Let d = 86 - 83. Suppose -5*i + 13 = 3*u, d*i + i + 2*u - 10 = 0. Suppose k + 3 = 6, -i*y = -2*k - 338. List the prime factors of y.
2, 43
Suppose a + 3*s - 41741 = 0, 0 = 102*a - 123*a + 2*s + 876886. What are the prime factors of a?
2, 11, 13, 73
Let g(d) = -26*d + 5. Let z be g(0). Let u(q) = 42*q - 13. List the prime factors of u(z).
197
Suppose -7 = -6*v + 13*v. What are the prime factors of (-6)/6 - v/1*386?
5, 7, 11
Let s = -35 - -44. Suppose 340 = b + s*b. Suppose -3*l + b = -179. List the prime factors of l.
71
Suppose -182*s + 3719709 = 7*s. List the prime factors of s.
19681
Let x = 39364 + -13413. List the prime factors of x.
25951
Let n = 173222 + -100534. What are the prime factors of n?
2, 7, 11, 59
Let f(w) = 5*w - 8. Let q be f(4). Suppose 2*c + 4 = -4*j + q, 2 = c + j. Suppose p - 4*k - 24 = c, -2*p = -2*k + 3*k - 57. What are the prime factors of p?
2, 7
Let s = -31464 + 57712. List the prime factors of s.
2, 17, 193
Suppose -5*m + 6 = -j - 8, -2*j = 5*m - 2. Suppose m = -2*l, -5*f - 2*l + 7171 = 1838. List the prime factors of f.
11, 97
Let d(z) = z**3 + 8*z**2 - 3*z - 46. Let j be d(-6). Let k(t) = -t**2 + 65*t - 85. What are the prime factors of k(j)?
839
Let u(h) = h**3 + 11*h**2 + 3*h + 9. Suppose -4*x = -4, 2*k + 14 = k + 5*x. Let s be u(k). What are the prime factors of (s/84)/(1 + (-12)/14)?
2, 3
Let c(h) = 10767*h - 95. What are the prime factors of c(2)?
11, 1949
Suppose 258*n = 1385781 + 12124131. What are the prime factors of n?
2, 13, 19, 53
Let l = -211 + 213. What are the prime factors of 105/(-14) + 7 + 759/l?
379
Let b(j) = 2*j**3 + 13*j**2 - 4*j - 24. Let y(x) = 3*x**3 + 25*x**2 - 8*x - 48. Let q(s) = 5*b(s) - 3*y(s). List the prime factors of q(11).
3, 7
Suppose 0 = 2*t + 5*i - 40713, -4*t = 11*i - 13*i - 81390. List the prime factors of t.
3, 7, 17, 19
Let v(m) = m + 57. Suppose 0 = 5*t - 10, -3*t = -b + t - 8. Suppose b*w + 3*w - 3 = 0, 85 = 3*d + w. List the prime factors of v(d).
5, 17
Let a(t) = 33*t - 198. Suppose -4*g + 5*c + 139 = 0, 0 = g - 3*c - 35 - 5. List the prime factors of a(g).
3, 5, 11
Let n 